{"id":291,"date":"2023-03-28T08:41:01","date_gmt":"2023-03-28T06:41:01","guid":{"rendered":"https:\/\/www.nachtsicht-jagd.de\/ratgeber\/?page_id=291"},"modified":"2023-04-07T10:50:47","modified_gmt":"2023-04-07T08:50:47","slug":"batterieentsorgung-wildkamera-batterie","status":"publish","type":"page","link":"https:\/\/www.nachtsicht-jagd.de\/ratgeber\/batterieentsorgung-wildkamera-batterie\/","title":{"rendered":"Batterieentsorgung"},"content":{"rendered":"\n<style type=\"text\/css\" data-created_by=\"avia_inline_auto\" id=\"style-css-av-lfqrzs36-fad4a1850664f29b603817e8182fb9ff\">\n#top .av-special-heading.av-lfqrzs36-fad4a1850664f29b603817e8182fb9ff{\npadding-bottom:10px;\n}\nbody .av-special-heading.av-lfqrzs36-fad4a1850664f29b603817e8182fb9ff .av-special-heading-tag .heading-char{\nfont-size:25px;\n}\n.av-special-heading.av-lfqrzs36-fad4a1850664f29b603817e8182fb9ff .av-subheading{\nfont-size:15px;\n}\n<\/style>\n<div  class='av-special-heading av-lfqrzs36-fad4a1850664f29b603817e8182fb9ff av-special-heading-h2 blockquote modern-quote  avia-builder-el-0  el_before_av_textblock  avia-builder-el-first '><h2 class='av-special-heading-tag '  itemprop=\"headline\"  >Batterieentsorgung<\/h2><div class=\"special-heading-border\"><div class=\"special-heading-inner-border\"><\/div><\/div><\/div>\n<section  class='av_textblock_section av-lfrw5vv8-146e315c2727419122c060e44acf3e22 '   itemscope=\"itemscope\" itemtype=\"https:\/\/schema.org\/CreativeWork\" ><div class='avia_textblock'  itemprop=\"text\" ><p>Im Lieferumfang vieler Ger\u00e4te, wie auch in unseren <em>Wildkameras<\/em>, <em>Nachtsichtger\u00e4ten<\/em>, <em>W\u00e4rmebildvorsatzger\u00e4ten<\/em> und <em>W\u00e4rmebildkameras<\/em> befinden sich Batterien oder Akkus, die zu deren \u00a0Betrieb notwendig sind, hier gibt es zur Batterieentsorung zu sagen. Auch in den Ger\u00e4ten selbst k\u00f6nnen Batterien oder Akkus fest eingebaut sein. Im Zusammenhang mit dem Vertrieb dieser Batterien oder Akkus sind wir als H\u00e4ndler gesetzlich verpflichtet, unsere Kunden auf Folgendes hinzuweisen:<\/p>\n<p>Bitte entsorgen Sie Altbatterien, wie vom Gesetzgeber vorgeschrieben, an einer kommunalen Sammelstelle (\u00f6rtliche Gemeinde), an speziellen Alt-Batterie-Containern oder geben Sie diese im Handel vor Ort kostenlos ab.<\/p>\n<p>Die Entsorgung im Hausm\u00fcll ist gesetzlich ausdr\u00fccklich verboten!<\/p>\n<p>Von uns erhaltene Batterien k\u00f6nnen Sie nach Gebrauch, wenn Sie von der M\u00f6glichkeit der Abgabe vor Ort nicht Gebrauch machen m\u00f6chten, bei uns unter der nachstehenden Adresse unentgeltlich zur\u00fcckgeben oder per Post zur Batterieentsorung an uns zur\u00fccksenden:<\/p>\n<p>Beier Distribution GmbH<\/p>\n<p>Pyramidenweg 20<\/p>\n<p>96253 Untersiemau<br \/>\nDeutschland<\/p>\n<p>Batterien, die Schadstoffe enthalten, sind mit dem Symbol einer durchgekreuzten M\u00fclltonne gekennzeichnet. Unter dem jeweiligen M\u00fclltonnen-Symbol befindet sich die entsprechende chemische Bezeichnung des Schadstoffes. Die Bezeichnungen stehen dabei f\u00fcr:<\/p>\n<p>&#8222;Cd&#8220; = Cadmium &#8222;Pb&#8220; = Blei &#8222;Hg&#8220; = Quecksilber<\/p>\n<p>Sie finden diese Hinweise auch noch einmal in den Begleitpapieren der Warensendung oder in der Bedienungsanleitung.<\/p>\n<\/div><\/section>\n","protected":false},"excerpt":{"rendered":"","protected":false},"author":1,"featured_media":0,"parent":0,"menu_order":0,"comment_status":"closed","ping_status":"closed","template":"","meta":{"footnotes":""},"class_list":["post-291","page","type-page","status-publish","hentry"],"yoast_head":"<!-- This site is optimized with the Yoast SEO plugin v27.1.1 - https:\/\/yoast.com\/product\/yoast-seo-wordpress\/ -->\n<title>Batterieentsorgung - Nachtsicht-Jagd<\/title>\n<meta name=\"description\" content=\"Bei der Batterieentsorgung ist wichtig f\u00fcr Dich zu wissen, wie du die Batterien von deinen Wildkameras, W\u00e4rmebildger\u00e4ten etc. entsorgen muss.\" \/>\n<meta name=\"robots\" content=\"index, follow, max-snippet:-1, max-image-preview:large, max-video-preview:-1\" \/>\n<link rel=\"canonical\" href=\"https:\/\/www.nachtsicht-jagd.de\/ratgeber\/batterieentsorgung-wildkamera-batterie\/\" \/>\n<meta property=\"og:locale\" content=\"de_DE\" \/>\n<meta property=\"og:type\" content=\"article\" \/>\n<meta property=\"og:title\" content=\"Batterieentsorgung - Nachtsicht-Jagd\" \/>\n<meta property=\"og:description\" content=\"Bei der Batterieentsorgung ist wichtig f\u00fcr Dich zu wissen, wie du die Batterien von deinen Wildkameras, W\u00e4rmebildger\u00e4ten etc. entsorgen muss.\" \/>\n<meta property=\"og:url\" content=\"https:\/\/www.nachtsicht-jagd.de\/ratgeber\/batterieentsorgung-wildkamera-batterie\/\" \/>\n<meta property=\"og:site_name\" content=\"Nachtsicht-Jagd\" \/>\n<meta property=\"article:modified_time\" content=\"2023-04-07T08:50:47+00:00\" \/>\n<meta name=\"twitter:card\" content=\"summary_large_image\" \/>\n<meta name=\"twitter:label1\" content=\"Gesch\u00e4tzte Lesezeit\" \/>\n\t<meta name=\"twitter:data1\" content=\"2\u00a0Minuten\" \/>\n<script type=\"application\/ld+json\" class=\"yoast-schema-graph\">{\"@context\":\"https:\/\/schema.org\",\"@graph\":[{\"@type\":\"WebPage\",\"@id\":\"https:\/\/www.nachtsicht-jagd.de\/ratgeber\/batterieentsorgung-wildkamera-batterie\/\",\"url\":\"https:\/\/www.nachtsicht-jagd.de\/ratgeber\/batterieentsorgung-wildkamera-batterie\/\",\"name\":\"Batterieentsorgung - Nachtsicht-Jagd\",\"isPartOf\":{\"@id\":\"https:\/\/www.nachtsicht-jagd.de\/ratgeber\/#website\"},\"datePublished\":\"2023-03-28T06:41:01+00:00\",\"dateModified\":\"2023-04-07T08:50:47+00:00\",\"description\":\"Bei der Batterieentsorgung ist wichtig f\u00fcr Dich zu wissen, wie du die Batterien von deinen Wildkameras, W\u00e4rmebildger\u00e4ten etc. entsorgen muss.\",\"breadcrumb\":{\"@id\":\"https:\/\/www.nachtsicht-jagd.de\/ratgeber\/batterieentsorgung-wildkamera-batterie\/#breadcrumb\"},\"inLanguage\":\"de\",\"potentialAction\":[{\"@type\":\"ReadAction\",\"target\":[\"https:\/\/www.nachtsicht-jagd.de\/ratgeber\/batterieentsorgung-wildkamera-batterie\/\"]}]},{\"@type\":\"BreadcrumbList\",\"@id\":\"https:\/\/www.nachtsicht-jagd.de\/ratgeber\/batterieentsorgung-wildkamera-batterie\/#breadcrumb\",\"itemListElement\":[{\"@type\":\"ListItem\",\"position\":1,\"name\":\"Startseite\",\"item\":\"https:\/\/www.nachtsicht-jagd.de\/ratgeber\/\"},{\"@type\":\"ListItem\",\"position\":2,\"name\":\"Batterieentsorgung\"}]},{\"@type\":\"WebSite\",\"@id\":\"https:\/\/www.nachtsicht-jagd.de\/ratgeber\/#website\",\"url\":\"https:\/\/www.nachtsicht-jagd.de\/ratgeber\/\",\"name\":\"Nachtsicht-Jagd\",\"description\":\"Offizieller DIYCON Vertriebspartner\",\"potentialAction\":[{\"@type\":\"SearchAction\",\"target\":{\"@type\":\"EntryPoint\",\"urlTemplate\":\"https:\/\/www.nachtsicht-jagd.de\/ratgeber\/?s={search_term_string}\"},\"query-input\":{\"@type\":\"PropertyValueSpecification\",\"valueRequired\":true,\"valueName\":\"search_term_string\"}}],\"inLanguage\":\"de\"}]}<\/script>\n<!-- \/ Yoast SEO plugin. -->","yoast_head_json":{"title":"Batterieentsorgung - Nachtsicht-Jagd","description":"Bei der Batterieentsorgung ist wichtig f\u00fcr Dich zu wissen, wie du die Batterien von deinen Wildkameras, W\u00e4rmebildger\u00e4ten etc. entsorgen muss.","robots":{"index":"index","follow":"follow","max-snippet":"max-snippet:-1","max-image-preview":"max-image-preview:large","max-video-preview":"max-video-preview:-1"},"canonical":"https:\/\/www.nachtsicht-jagd.de\/ratgeber\/batterieentsorgung-wildkamera-batterie\/","og_locale":"de_DE","og_type":"article","og_title":"Batterieentsorgung - Nachtsicht-Jagd","og_description":"Bei der Batterieentsorgung ist wichtig f\u00fcr Dich zu wissen, wie du die Batterien von deinen Wildkameras, W\u00e4rmebildger\u00e4ten etc. entsorgen muss.","og_url":"https:\/\/www.nachtsicht-jagd.de\/ratgeber\/batterieentsorgung-wildkamera-batterie\/","og_site_name":"Nachtsicht-Jagd","article_modified_time":"2023-04-07T08:50:47+00:00","twitter_card":"summary_large_image","twitter_misc":{"Gesch\u00e4tzte Lesezeit":"2\u00a0Minuten"},"schema":{"@context":"https:\/\/schema.org","@graph":[{"@type":"WebPage","@id":"https:\/\/www.nachtsicht-jagd.de\/ratgeber\/batterieentsorgung-wildkamera-batterie\/","url":"https:\/\/www.nachtsicht-jagd.de\/ratgeber\/batterieentsorgung-wildkamera-batterie\/","name":"Batterieentsorgung - Nachtsicht-Jagd","isPartOf":{"@id":"https:\/\/www.nachtsicht-jagd.de\/ratgeber\/#website"},"datePublished":"2023-03-28T06:41:01+00:00","dateModified":"2023-04-07T08:50:47+00:00","description":"Bei der Batterieentsorgung ist wichtig f\u00fcr Dich zu wissen, wie du die Batterien von deinen Wildkameras, W\u00e4rmebildger\u00e4ten etc. entsorgen muss.","breadcrumb":{"@id":"https:\/\/www.nachtsicht-jagd.de\/ratgeber\/batterieentsorgung-wildkamera-batterie\/#breadcrumb"},"inLanguage":"de","potentialAction":[{"@type":"ReadAction","target":["https:\/\/www.nachtsicht-jagd.de\/ratgeber\/batterieentsorgung-wildkamera-batterie\/"]}]},{"@type":"BreadcrumbList","@id":"https:\/\/www.nachtsicht-jagd.de\/ratgeber\/batterieentsorgung-wildkamera-batterie\/#breadcrumb","itemListElement":[{"@type":"ListItem","position":1,"name":"Startseite","item":"https:\/\/www.nachtsicht-jagd.de\/ratgeber\/"},{"@type":"ListItem","position":2,"name":"Batterieentsorgung"}]},{"@type":"WebSite","@id":"https:\/\/www.nachtsicht-jagd.de\/ratgeber\/#website","url":"https:\/\/www.nachtsicht-jagd.de\/ratgeber\/","name":"Nachtsicht-Jagd","description":"Offizieller DIYCON Vertriebspartner","potentialAction":[{"@type":"SearchAction","target":{"@type":"EntryPoint","urlTemplate":"https:\/\/www.nachtsicht-jagd.de\/ratgeber\/?s={search_term_string}"},"query-input":{"@type":"PropertyValueSpecification","valueRequired":true,"valueName":"search_term_string"}}],"inLanguage":"de"}]}},"_links":{"self":[{"href":"https:\/\/www.nachtsicht-jagd.de\/ratgeber\/wp-json\/wp\/v2\/pages\/291","targetHints":{"allow":["GET"]}}],"collection":[{"href":"https:\/\/www.nachtsicht-jagd.de\/ratgeber\/wp-json\/wp\/v2\/pages"}],"about":[{"href":"https:\/\/www.nachtsicht-jagd.de\/ratgeber\/wp-json\/wp\/v2\/types\/page"}],"author":[{"embeddable":true,"href":"https:\/\/www.nachtsicht-jagd.de\/ratgeber\/wp-json\/wp\/v2\/users\/1"}],"replies":[{"embeddable":true,"href":"https:\/\/www.nachtsicht-jagd.de\/ratgeber\/wp-json\/wp\/v2\/comments?post=291"}],"version-history":[{"count":4,"href":"https:\/\/www.nachtsicht-jagd.de\/ratgeber\/wp-json\/wp\/v2\/pages\/291\/revisions"}],"predecessor-version":[{"id":377,"href":"https:\/\/www.nachtsicht-jagd.de\/ratgeber\/wp-json\/wp\/v2\/pages\/291\/revisions\/377"}],"wp:attachment":[{"href":"https:\/\/www.nachtsicht-jagd.de\/ratgeber\/wp-json\/wp\/v2\/media?parent=291"}],"curies":[{"name":"wp","href":"https:\/\/api.w.org\/{rel}","templated":true}]}}